divided by 43439.
1796
Calculate the remainder when 1165007 is divided by 7766.
107
Calculate the remainder when 8605063 is divided by 2332.
2315
Calculate the remainder when 77114765 is divided by 46.
43
What is the remainder when 109424607 is divided by 445?
442
What is the remainder when 50103 is divided by 87?
78
What is the remainder when 177433 is divided by 2275?
2258
What is the remainder when 10363903 is divided by 305?
3
What is the remainder when 256587 is divided by 128232?
123
Calculate the remainder when 11017408 is divided by 73.
29
Calculate the remainder when 4102649 is divided by 38341.
162
Calculate the remainder when 220975 is divided by 166.
29
What is the remainder when 170222297 is divided by 85111145?
7
What is the remainder when 3507668 is divided by 37?
31
Calculate the remainder when 21385739 is divided by 972079.
1
Calculate the remainder when 295429818 is divided by 98.
96
What is the remainder when 36329815 is divided by 61?
45
Calculate the remainder when 67874 is divided by 475.
424
Calculate the remainder when 18022323 is divided by 77349.
6
What is the remainder when 4836740 is divided by 42?
20
What is the remainder when 10336892 is divided by 144?
140
Calculate the remainder when 1713226 is divided by 217.
11
What is the remainder when 241421 is divided by 615?
341
What is the remainder when 3938773 is divided by 3892?
69
What is the remainder when 689072 is divided by 98329?
769
What is the remainder when 254321593 is divided by 137?
136
What is the remainder when 1739802 is divided by 160?
122
Calculate the remainder when 339121 is divided by 104.
81
What is the remainder when 142477 is divided by 6471?
115
What is the remainder when 13339 is divided by 10640?
2699
What is the remainder when 35393 is divided by 1931?
635
What is the remainder when 2948599 is divided by 38292?
115
What is the remainder when 6934111 is divided by 32?
31
What is the remainder when 256314115 is divided by 60?
55
Calculate the remainder when 388903 is divided by 129054.
1741
What is the remainder when 10964786 is divided by 1898?
40
What is the remainder when 440482 is divided by 2984?
1834
Calculate the remainder when 209475 is divided by 104730.
15
Calculate the remainder when 24757 is divided by 768.
181
Calculate the remainder when 151922 is divided by 4218.
74
Calculate the remainder when 15606847 is divided by 122.
119
Calculate the remainder when 1144893 is divided by 2960.
2333
Calculate the remainder when 407454 is divided by 81435.
279
Calculate the remainder when 174693 is divided by 181.
28
What is the remainder when 375743 is divided by 9459?
6842
Calculate the remainder when 17313 is divided by 2312.
1129
Calculate the remainder when 581476 is divided by 404.
120
What is the remainder when 514 is divided by 511?
3
Calculate the remainder when 6819549 is divided by 40835.
104
What is the remainder when 30324538 is divided by 14?
6
Calculate the remainder when 64724895 is divided by 1621.
1607
Calculate the remainder when 930640 is divided by 465257.
126
Calculate the remainder when 259770 is divided by 2875.
1020
What is the remainder when 32813211 is divided by 1005?
966
What is the remainder when 18339 is divided by 1663?
46
Calculate the remainder when 1936556 is divided by 353.
351
What is the remainder when 72595 is divided by 34448?
3699
What is the remainder when 1198743 is divided by 625?
618
Calculate the remainder when 26761 is divided by 3782.
287
What is the remainder when 189056 is divided by 1592?
1200
What is the remainder when 279124 is divided by 3922?
662
Calculate the remainder when 18209459 is divided by 1400726.
21
Calculate the remainder when 3629227 is divided by 148.
119
What is the remainder when 172752 is divided by 43172?
64
Calculate the remainder when 6097665 is divided by 3305.
3245
What is the remainder when 168615 is divided by 1387?
788
Calculate the remainder when 42435 is divided by 20946.
543
What is the remainder when 1332504 is divided by 904?
8
What is the remainder when 2827764 is divided by 902?
896
Calculate the remainder when 388482 is divided by 16.
2
Calculate the remainder when 2429803 is divided by 37.
13
Calculate the remainder when 3031028 is divided by 235.
233
What is the remainder when 1310718 is divided by 837?
813
Calculate the remainder when 290879 is divided by 2595.
239
What is the remainder when 27570783 is divided by 13785383?
17
What is the remainder when 463454 is divided by 328?
318
What is the remainder when 163003 is divided by 19455?
7363
What is the remainder when 742660 is divided by 37132?
20
Calculate the remainder when 5849455 is divided by 132.
7
Calculate the remainder when 50685 is divided by 6257.
629
Calculate the remainder when 319998 is divided by 2.
0
Calculate the remainder when 1466739 is divided by 19048.
43
Calculate the remainder when 3601798 is divided by 1200538.
184
What is the remainder when 630170 is divided by 57288?
2
What is the remainder when 58197 is divided by 2137?
498
What is the remainder when 423409 is divided by 9001?
362
What is the remainder when 23531530 is divided by 820?
810
Calculate the remainder when 22060321 is divided by 1295.
1291
What is the remainder when 253734 is divided by 7454?
298
Calculate the remainder when 5028050 is divided by 385.
335
What is the remainder when 579303 is divided by 76?
31
Calculate the remainder when 13781 is divided by 604.
493
Calculate the remainder when 7867673 is divided by 1482.
1217
What is the remainder when 1140874 is divided by 510?
4
Calculate the remainder when 2357286 is divided by 138.
108
Calculate the remainder when 28194439 is divided by 5638840.
239
What is the remainder when 92707 is divided by 2640?
307
Calculate the remainder when 51392636 is divided by 2784.
2780
Calculate the remainder when 110527 is divided by 55098.
331
What is the remainder when 3054387 is divided by 44?
39
Calculate the remainder when 202100 is divided by 40345.
375
What is the remainder when 1895204 is divided by 2265?
1664
What is the remainder when 803489 is divided by 803415?
74
What is the remainder when 4229958 is divided by 190?
178
Calculate the remainder when 162657 is divided by 32510.
107
Calculate the remainder when 463812137 is divided by 1629.
1628
What is the remainder when 5726038 is divided by 195?
58
What is the remainder when 5129760 is divided by 637?
636
Calculate the remainder when 4760328 is divided by 898.
30
What is the remainder when 11069311 is divided by 1395?
1381
Calculate the remainder when 167334 is divided by 6140.
1554
What is the remainder when 46377665 is divided by 34?
33
What is the remainder when 6243574 is divided by 456?
22
Calculate the remainder when 3510948 is divided by 2670.
2568
What is the remainder when 1550564 is divided by 34?
28
What is the remainder when 36457716 is divided by 163?
158
Calculate the remainder when 603535 is divided by 262.
149
Calculate the remainder when 12100601 is divided by 87685.
71
Calculate the remainder when 1590659 is divided by 5.
4
Calculate the remainder when 6354780 is divided by 2117737.
1569
Calculate the remainder when 187635575 is divided by 55.
50
Calculate the remainder when 1481450 is divided by 265.
100
What is the remainder when 424664179 is divided by 41?
37
Calculate the remainder when 163204 is divided by 609.
601
Calculate the remainder when 662704 is divided by 332.
32
Calculate the remainder when 305552 is divided by 225.
2
Calculate the remainder when 20720667 is divided by 29.
22
What is the remainder when 16183707 is divided by 114778?
9
Calculate the remainder when 57271 is divided by 2345.
991
What is the remainder when 997358 is divided by 6157?
6081
What is the remainder when 205707 is divided by 5877?
12
Calculate the remainder when 12314285 is divided by 3078570.
5
Calculate the remainder when 1727806 is divided by 2821.
1354
Calculate the remainder when 1862875 is divided by 173.
11
Calculate the remainder when 9398786 is divided by 30.
26
Calculate the remainder when 414909 is divided by 6286.
33
What is the remainder when 19928116 is divided by 240097?
65
What is the remainder when 973807 is divided by 8086?
3487
What is the remainder when 1188188 is divided by 839?
164
Ca